nder when 95293613 is divided by 24.
5
What is the remainder when 4504009 is divided by 77?
48
What is the remainder when 31703044 is divided by 4135?
4134
What is the remainder when 41286501 is divided by 1?
0
Calculate the remainder when 22581792 is divided by 38934.
72
What is the remainder when 127539106 is divided by 9?
7
What is the remainder when 39800962 is divided by 80?
2
What is the remainder when 12988907 is divided by 88965?
17
Calculate the remainder when 6562467 is divided by 29.
28
What is the remainder when 1073204 is divided by 357726?
26
What is the remainder when 11265749 is divided by 701?
679
What is the remainder when 6565105 is divided by 920?
905
What is the remainder when 38029792 is divided by 211?
207
What is the remainder when 2162406 is divided by 816?
6
Calculate the remainder when 866485 is divided by 4725.
1810
Calculate the remainder when 95441 is divided by 275.
16
What is the remainder when 127878 is divided by 38?
8
Calculate the remainder when 27067794 is divided by 14.
12
What is the remainder when 4342026 is divided by 4077?
21
What is the remainder when 10153422 is divided by 1277?
1272
Calculate the remainder when 485851 is divided by 128.
91
Calculate the remainder when 4025133 is divided by 140.
133
What is the remainder when 33531959 is divided by 840?
839
What is the remainder when 1285621 is divided by 109?
75
Calculate the remainder when 961102 is divided by 1238.
414
Calculate the remainder when 7002033 is divided by 126.
87
Calculate the remainder when 2997225 is divided by 41628.
9
What is the remainder when 45843548 is divided by 213?
197
Calculate the remainder when 4295695 is divided by 680.
135
What is the remainder when 11100673 is divided by 584243?
56
What is the remainder when 15720 is divided by 1060?
880
What is the remainder when 147146 is divided by 7611?
2537
What is the remainder when 87421 is divided by 198?
103
Calculate the remainder when 331528 is divided by 329416.
2112
What is the remainder when 31631504 is divided by 3615?
254
What is the remainder when 443124 is divided by 88510?
574
What is the remainder when 4861657 is divided by 1620549?
10
Calculate the remainder when 70114 is divided by 105.
79
Calculate the remainder when 17844 is divided by 17105.
739
What is the remainder when 6163315 is divided by 14?
11
What is the remainder when 4196896 is divided by 62640?
16
What is the remainder when 12715095 is divided by 142?
131
Calculate the remainder when 6003845 is divided by 10896.
149
What is the remainder when 586244 is divided by 2832?
20
Calculate the remainder when 65061 is divided by 17556.
12393
Calculate the remainder when 1573232 is divided by 393307.
4
What is the remainder when 2742836 is divided by 23645?
16
Calculate the remainder when 50022 is divided by 16652.
66
What is the remainder when 319766 is divided by 5?
1
Calculate the remainder when 2936502 is divided by 133.
128
What is the remainder when 2781505 is divided by 179?
24
Calculate the remainder when 1187319 is divided by 3085.
2679
What is the remainder when 1025540 is divided by 1116?
1052
Calculate the remainder when 7668994 is divided by 105.
4
What is the remainder when 142187 is divided by 70920?
347
What is the remainder when 29150 is divided by 3583?
486
What is the remainder when 1409220 is divided by 1048?
708
Calculate the remainder when 8457 is divided by 1208.
1
What is the remainder when 12502123 is divided by 4693?
4664
Calculate the remainder when 723509 is divided by 2517.
1130
What is the remainder when 2480099 is divided by 3104?
3
Calculate the remainder when 25695499 is divided by 17.
16
What is the remainder when 2796838 is divided by 510?
508
What is the remainder when 2502968 is divided by 1004?
1000
What is the remainder when 766082 is divided by 2668?
366
What is the remainder when 105518 is divided by 870?
248
What is the remainder when 1050223 is divided by 95?
93
Calculate the remainder when 63139467 is divided by 450996.
27
What is the remainder when 8993871 is divided by 100?
71
Calculate the remainder when 30744 is divided by 2697.
1077
Calculate the remainder when 72831 is divided by 1994.
1047
Calculate the remainder when 330086 is divided by 642.
98
What is the remainder when 1511035 is divided by 459?
7
What is the remainder when 11488895 is divided by 5744433?
29
What is the remainder when 597333 is divided by 14931?
93
What is the remainder when 941539 is divided by 10942?
527
What is the remainder when 72194 is divided by 956?
494
What is the remainder when 2153987 is divided by 179497?
23
Calculate the remainder when 49638 is divided by 15549.
2991
What is the remainder when 370223 is divided by 3669?
3323
Calculate the remainder when 4401045 is divided by 37940.
5
What is the remainder when 79312 is divided by 11325?
37
What is the remainder when 4597 is divided by 242?
241
Calculate the remainder when 74190 is divided by 1862.
1572
What is the remainder when 1689402 is divided by 211174?
10
What is the remainder when 49472 is divided by 4905?
422
What is the remainder when 137530943 is divided by 428?
419
What is the remainder when 2775301 is divided by 1435?
11
What is the remainder when 366824 is divided by 4390?
2454
What is the remainder when 23507 is divided by 274?
217
Calculate the remainder when 635750 is divided by 63574.
10
What is the remainder when 360157104 is divided by 219?
216
Calculate the remainder when 756399 is divided by 610.
609
Calculate the remainder when 592919 is divided by 40.
39
Calculate the remainder when 1305346 is divided by 54389.
10
What is the remainder when 915467 is divided by 31?
6
What is the remainder when 61359 is divided by 10221?
33
Calculate the remainder when 6687735 is divided by 130.
15
Calculate the remainder when 10101921 is divided by 3367307.
0
What is the remainder when 136136 is divided by 5036?
164
What is the remainder when 478870 is divided by 5848?
5182
Calculate the remainder when 12074540 is divided by 12.
8
Calculate the remainder when 2047799 is divided by 30.
29
Calculate the remainder when 155276 is divided by 16.
12
Calculate the remainder when 297296 is divided by 2486.
1462
Calculate the remainder when 7718450 is divided by 244.
242
Calculate the remainder when 139632 is divided by 1145.
1087
Calculate the remainder when 301614 is divided by 42.
12
What is the remainder when 506974 is divided by 3210?
3004
What is the remainder when 585515 is divided by 363?
359
Calculate the remainder when 4253900 is divided by 80.
60
Calculate the remainder when 118336 is divided by 117728.
608
Calculate the remainder when 915894 is divided by 114443.
350
What is the remainder when 90400 is divided by 21593?
4028
What is the remainder when 185880 is divided by 46389?
324
What is the remainder when 6910605 is divided by 693?
9
What is the remainder when 184593 is divided by 45852?
1185
Calculate the remainder when 2997274 is divided by 62441.
106
Calculate the remainder when 170088 is divided by 733.
32
What is the remainder when 5803326 is divided by 70?
46
Calculate the remainder when 84567 is divided by 912.
663
Calculate the remainder when 153666744 is divided by 66.
0
Calculate the remainder when 7266273 is divided by 1038038.
7
Calculate the remainder when 2706270 is divided by 115.
90
Calculate the remainder when 523704 is divided by 261832.
40
What is the remainder when 4578719 is divided by 96?
95
Calculate the remainder when 183486 is divided by 1639.
1557
What is the remainder when 20221 is divided by 1928?
941
What is the remainder when 2145210 is divided by 20627?
2
What is the remainder when 45209 is divided by 11241?
245
Calculate the remainder when 915735 is divided by 50850.
435
Calculate the remainder when 686231 is divided by 154.
7
What is the remainder when 2990319 is divided by 747576?
15
Calculate the remainder when 155064 is divided by 77315.
434
Calculate the remainder when 311476 is divided by 369.
40
What is the remainder when 1793431 is divided by 597788?
67
Calculate the remainder when 23335710 is divided by 623.
622
What is the remainder when 460733 is divided by 5290?
503
What is the remainder when 15014 is divided by 246?
8
What is the remainder when 2468939 is divided